the highest common divisor of 9595 and 72720.
505
Calculate the highest common divisor of 19 and 1575062.
19
What is the highest common factor of 2162 and 20727?
47
What is the greatest common divisor of 12024 and 2162817?
1503
Calculate the greatest common divisor of 87529 and 39.
13
Calculate the highest common factor of 480 and 98160.
240
What is the greatest common factor of 848 and 27928?
8
What is the highest common factor of 11700 and 949650?
1950
Calculate the greatest common divisor of 115866 and 656.
82
What is the greatest common factor of 98010 and 60?
30
Calculate the highest common factor of 1339780 and 780.
260
What is the highest common divisor of 1533 and 227906?
511
What is the greatest common factor of 3530 and 50?
10
Calculate the greatest common factor of 263 and 4066243.
263
What is the greatest common factor of 42 and 750428?
14
Calculate the greatest common factor of 7925 and 2000.
25
What is the greatest common divisor of 96 and 165248?
32
What is the highest common divisor of 26 and 14821820?
26
What is the highest common factor of 3132 and 57072?
348
What is the highest common factor of 36105 and 696?
87
Calculate the highest common factor of 5777739 and 3366.
1683
Calculate the highest common factor of 12913 and 4537.
349
What is the greatest common factor of 178 and 1958?
178
Calculate the highest common factor of 28 and 12997964.
28
What is the highest common divisor of 384 and 117696?
192
What is the highest common divisor of 16 and 40968?
8
What is the greatest common factor of 3384 and 10904?
376
Calculate the highest common factor of 1359000 and 3250.
250
What is the highest common factor of 630 and 307062?
126
What is the greatest common factor of 27 and 15417?
27
Calculate the highest common factor of 66 and 3212.
22
Calculate the greatest common divisor of 8080 and 1080.
40
What is the highest common divisor of 105 and 3051545?
35
Calculate the highest common factor of 21 and 5118.
3
Calculate the highest common divisor of 25476 and 52932.
132
Calculate the greatest common factor of 18945 and 2055.
15
What is the highest common factor of 19940 and 11460?
20
What is the greatest common divisor of 18328 and 1450?
58
Calculate the highest common factor of 9792 and 130656.
96
What is the greatest common divisor of 182468 and 16?
4
Calculate the greatest common divisor of 476 and 42504.
28
Calculate the highest common factor of 27 and 175851.
27
What is the greatest common factor of 217 and 386787?
31
What is the highest common factor of 153228 and 792?
12
Calculate the greatest common factor of 160 and 95.
5
Calculate the highest common divisor of 380055 and 117.
39
Calculate the greatest common divisor of 200916 and 48.
12
What is the highest common divisor of 193643 and 41?
41
Calculate the highest common divisor of 66872 and 256.
8
Calculate the highest common divisor of 4600 and 748200.
200
Calculate the greatest common divisor of 16960 and 20.
20
What is the highest common factor of 48034 and 45073?
329
What is the highest common factor of 54 and 40770?
54
Calculate the greatest common factor of 126 and 9002.
14
Calculate the highest common factor of 100 and 297575.
25
Calculate the highest common factor of 1152 and 4536.
72
What is the greatest common factor of 795145 and 169?
169
Calculate the greatest common factor of 13700 and 60.
20
What is the greatest common divisor of 296835 and 13860?
1155
Calculate the highest common factor of 1701 and 175.
7
What is the greatest common factor of 2160 and 3280?
80
Calculate the greatest common divisor of 3377348 and 607.
607
Calculate the highest common divisor of 2442568 and 3018.
1006
Calculate the highest common factor of 5 and 35095.
5
Calculate the greatest common factor of 22 and 60511.
11
What is the greatest common factor of 72414 and 298?
298
Calculate the greatest common factor of 1024 and 213376.
128
Calculate the greatest common factor of 77593 and 62.
31
What is the greatest common factor of 3 and 20766?
3
What is the highest common divisor of 205 and 1353?
41
Calculate the highest common divisor of 90 and 63306.
18
Calculate the greatest common factor of 109060 and 8569.
779
What is the greatest common divisor of 4279 and 1012?
11
What is the greatest common factor of 1722 and 1235248?
574
What is the highest common divisor of 3816120 and 120?
120
What is the highest common factor of 26 and 43797?
13
What is the greatest common divisor of 12 and 44592?
12
Calculate the highest common divisor of 1577 and 437.
19
Calculate the highest common divisor of 50382 and 702.
54
Calculate the highest common factor of 4730 and 440.
110
What is the highest common factor of 116 and 239627?
29
What is the greatest common divisor of 2359 and 394964?
337
Calculate the highest common divisor of 107950 and 3400.
850
Calculate the greatest common factor of 128220 and 15.
15
What is the greatest common factor of 227274 and 4?
2
What is the highest common divisor of 9921501 and 1754?
877
Calculate the highest common factor of 103 and 182722.
103
Calculate the greatest common divisor of 16058 and 33152.
518
What is the greatest common divisor of 43 and 733580?
43
Calculate the highest common factor of 95 and 12559.
19
What is the highest common factor of 799085 and 85?
85
Calculate the highest common factor of 300 and 21396.
12
Calculate the highest common divisor of 38 and 2142.
2
What is the greatest common divisor of 206586 and 92?
46
What is the highest common divisor of 115 and 310753?
23
Calculate the greatest common factor of 872 and 10056.
8
What is the greatest common divisor of 677993 and 796?
199
What is the highest common divisor of 866572 and 84?
28
Calculate the greatest common factor of 20952 and 768.
24
What is the greatest common divisor of 76836 and 444?
12
What is the highest common divisor of 1615256 and 24?
8
Calculate the highest common factor of 36636 and 47712.
852
What is the greatest common factor of 2048 and 48?
16
What is the greatest common factor of 50711 and 646?
323
Calculate the greatest common divisor of 9268 and 10192.
28
What is the highest common divisor of 8174 and 536?
134
What is the greatest common factor of 789 and 1641?
3
Calculate the highest common divisor of 2230635 and 2458.
1229
What is the greatest common factor of 15 and 98349?
3
What is the highest common factor of 57 and 2204?
19
Calculate the highest common divisor of 2627772 and 246.
246
What is the greatest common divisor of 666990 and 6?
6
What is the highest common factor of 180 and 50004?
36
Calculate the highest common factor of 64 and 182288.
16
Calculate the greatest common factor of 19062 and 23166.
54
Calculate the greatest common factor of 16 and 2285456.
16
Calculate the greatest common divisor of 204 and 1004940.
12
Calculate the highest common factor of 243 and 355428.
81
What is the highest common factor of 131553 and 846?
423
Calculate the highest common factor of 147 and 764652.
21
Calculate the greatest common factor of 4062009 and 201.
201
Calculate the highest common divisor of 3496 and 32756.
76
Calculate the highest common divisor of 68 and 5583990.
34
What is the greatest common factor of 46354 and 3052?
14
What is the highest common divisor of 244 and 82106?
122
Calculate the highest common factor of 3311825 and 55.
55
What is the greatest common divisor of 1346528 and 232?
232
Calculate the highest common factor of 6893 and 4633.
113
Calculate the greatest common factor of 98274 and 297.
33
Calculate the greatest common divisor of 41 and 469942.
41
What is the greatest common factor of 2129408 and 3584?
512
Calculate the highest common divisor of 150172 and 704.
44
Calculate the highest common divisor of 379 and 33.
1
What is the greatest common divisor of 1243 and 9537?
11
Calculate the greatest common divisor of 28766 and 6813.
757
Calculate the highest common factor of 215047 and 70361.
991
What is the greatest common factor of 2462493 and 284?
71
What is the greatest common divisor of 157098 and 30?
6
Calculate the highest common divisor of 8960 and 1180.
20
Calculate the highest common divisor of 376957 and 9891.
1099
What is the highest common factor of 59 and 1171622?
59
Calculate the greatest common divisor of 50 and 90625.
25
What 